 9 and w.
3
Suppose -88 = -3*n + 2*s, -n - s + 5 = -21. Let i = 64 - n. What is the greatest common divisor of i and 12?
12
Suppose -q = -0*l - 5*l + 33, 0 = -5*l + 4*q + 27. Calculate the greatest common factor of 49 and l.
7
Let n(x) be the third derivative of -x**4/6 + x**3/3 + 3*x**2. Let y be n(-3). Calculate the highest common divisor of y and 126.
14
Let q(x) = 3*x - 15. Let u be q(6). What is the greatest common divisor of 1 and u?
1
Let b = 98 - -45. Calculate the highest common factor of 22 and b.
11
Let f = 6 + -2. Suppose -3 + 9 = k. Let a be 4/k*42/f. Calculate the greatest common factor of 21 and a.
7
Let u be (-8)/2 - 2*-167. Calculate the highest common divisor of 30 and u.
30
Let a be (396/(-42))/(2/(-14)). What is the greatest common factor of a and 6?
6
Suppose 3 = 3*x, 19 = -5*p + x - 7. Let t be 0 + 3 - p*12. Calculate the greatest common factor of t and 7.
7
Let l = -7 - -8. Let w be (-2)/(-4)*l*0. Let d be w/(2/2) + 2. What is the highest common divisor of d and 10?
2
Let b be (5 - 4) + (35 - 2). Suppose j - 35 = -4*u, 2*j + 4*u - 94 = 2*u. What is the highest common divisor of b and j?
17
Let o(y) = y**2. Let b be o(1). Let g be b/(2*(-2)/(-40)). Let m(u) = 39*u + 2. Let i be m(2). What is the highest common divisor of g and i?
10
Suppose 0 = -5*u + d - 3 + 30, -5*u + 21 = 2*d. Let h = 0 + u. Let q = 35 + h. Calculate the greatest common divisor of q and 5.
5
Let t be ((-352)/12)/(4/(-42)). Calculate the greatest common factor of t and 28.
28
Suppose 3*s - 28 = -j, 3*s - 5*s = 3*j - 84. Let i be (8/(-10))/((-8)/140). What is the greatest common factor of j and i?
14
Let k = -125 - -176. What is the highest common divisor of k and 17?
17
Suppose -5*b = -4*z - 0*z + 54, -3*b + 6 = 0. Suppose 4*d - 321 = a, 239 = d + 2*d + a. What is the greatest common factor of z and d?
16
Let c be 4 + (-5 - -2) + 17. What is the highest common divisor of c and 6?
6
Let d = -272 - -440. Suppose -7*w = -2*w - 105. Calculate the highest common divisor of w and d.
21
Suppose -435 = -2*x - x. Let s = x - 75. Calculate the highest common factor of 10 and s.
10
Let r(n) be the first derivative of -2*n**2 + 0*n**2 - 3 + 2*n + 0 + n**2. Let q be r(-6). Calculate the greatest common factor of q and 21.
7
Suppose -53 = -5*o + 332. What is the highest common factor of 33 and o?
11
Let k be ((-4)/10)/((-2)/530). Suppose 2*r = 3*l + 2*l + k, -48 = 3*l + 4*r. Let x = l + 34. What is the greatest common divisor of 7 and x?
7
Suppose 0 = d, 3*d + 103 = 4*m - 65. Suppose 2*p - 6 + 0 = -y, -m = -5*y + 2*p. What is the greatest common factor of 4 and y?
4
Suppose -3*z + v = -57, 8 = -z + 2*v + 32. What is the greatest common factor of 90 and z?
18
Let u(p) = p + 1. Let s be u(0). Let l be s + -1 - (-21 + 1). Calculate the greatest common factor of l and 8.
4
Suppose -9*i - 28 = -73. Let o = 5 + -3. Calculate the highest common factor of o and i.
1
Let h = 23 + -67. Suppose -2*a - 2 + 38 = 0. Let x be a/(-4)*h/6. Calculate the greatest common factor of 3 and x.
3
Let p = -62 - -249. What is the greatest common factor of 17 and p?
17
Let u(x) = 0*x + 6*x**2 - 4 - 3*x - 5*x**2. Let b be u(-5). Suppose 7*n = 4*n + 36. Calculate the greatest common factor of b and n.
12
Suppose 3 + 5 = 2*r. Let b be 27*(-1)/r*-8. Suppose -42 = -z - 4*z - 4*j, 0 = 2*z + j - 15. What is the highest common factor of z and b?
6
Let a(l) = -l**3 + 16*l**2 + 28. Let y be a(16). Let c be 7/4*(2 - -2). What is the greatest common divisor of y and c?
7
Suppose -2*x = -4*a - 0*x + 22, 5*x = 25. Calculate the greatest common divisor of a and 64.
8
Let z be ((-6)/(-4))/((-1)/(-10)) + 0. Let q(k) = 3*k**2 + 2*k + 5. Let m = -4 - 0. Let y be q(m). What is the highest common factor of z and y?
15
Let h be 0 - 0 - 3 - -102. Calculate the greatest common factor of h and 11.
11
Let o = -30 - -60. Suppose h = w - 6, 2*w - 4*h - 3 - 1 = 0. Calculate the greatest common factor of o and w.
10
Let m(s) be the second derivative of -s**4/12 + 4*s**3/3 - 3*s**2 + s. Let p be m(7). Suppose -p = a - 36. What is the greatest common divisor of a and 5?
5
Let k be (-26)/(-143) - 1494/(-11). Calculate the greatest common divisor of 34 and k.
34
Suppose 0 = -0*o - 2*o + 34. Suppose 0 = -4*p + o + 35. Calculate the highest common divisor of 117 and p.
13
Let w = 6 - 12. Let g be w/(-4)*(-10)/(-3). Let s(m) = m - 1. Let b be s(11). Calculate the highest common divisor of b and g.
5
Let l be (-38)/(-10) - (-2)/10. Let b be (5/l)/((-1)/(-12)). Let p(m) = -m**2 - 5*m + 3. Let q be p(-5). Calculate the greatest common factor of q and b.
3
Let l be 65 - (-1)/(2/(-6)). Suppose -w + 2*z = 7*z - l, -4*w + 298 = -5*z. Calculate the greatest common factor of 9 and w.
9
Let u(y) = -12*y + 1. Let n be u(-1). Let c be 0/2 - 182/(-2). Calculate the greatest common factor of c and n.
13
Let o be (-58)/(3 - 13/4). What is the highest common factor of o and 29?
29
Let q = 205 + -201. Suppose 15 = 3*l + 3. Calculate the greatest common divisor of l and q.
4
Let s be ((-24)/(-10) - 2)*5. Suppose -r + 0*r = -w - 3, -2*w - s = -r. What is the greatest common factor of r and 4?
4
Suppose -138 = -11*h + 5*h. Calculate the greatest common divisor of h and 184.
23
Suppose 5 = 4*m - 3*m. Suppose -o - 76 = -m*o. Calculate the highest common factor of 95 and o.
19
Suppose 3*t + 24 = 6. Let a(v) = 4*v - 12. Let m(o) = -3*o + 11. Let f(l) = -5*a(l) - 6*m(l). Let u be f(t). Calculate the highest common divisor of 54 and u.
6
Let j = 49 + 11. Let s = 3 + -1. Suppose 2*a - 48 = -s*a. Calculate the highest common factor of a and j.
12
Suppose 4*k - 21 = -3*k. Let s = 21 + -6. What is the highest common divisor of s and k?
3
Let u be (-474)/(-17) - 6/(-51). Let j(t) = 3*t**2 + t. Let n be j(2). Calculate the greatest common divisor of u and n.
14
Let w = 3 - 3. Let l = w + 3. Suppose 0 = -z + 6 - l. What is the highest common divisor of z and 33?
3
Suppose 5*a = -4*f + 1317, -4*a = -3*f - f - 1032. Calculate the greatest common factor of 29 and a.
29
Let z be 2/3*(47/2 - 1). What is the highest common divisor of z and 135?
15
Let r = 394 + -196. Let n(g) = -5*g - 48. Let l be n(-14). What is the greatest common factor of r and l?
22
Suppose -2*t = 2*k - 0*t - 10, -5*k - t = -37. Suppose -o - k = 4*l, -5*l = -0*o - 2*o + 23. What is the highest common factor of 10 and o?
2
Let t(b) = b**2 + 4*b + 4. Let q be t(-5). Let i = -41 + 59. Calculate the highest common factor of i and q.
9
Let r = 32 + -22. Let z = r - 5. What is the highest common factor of 10 and z?
5
Suppose 0 = -i - 0*i + 8. Let q = 19 + i. Let a = q + -14. Calculate the highest common divisor of a and 104.
13
Suppose -64 + 16 = -4*w. Suppose -3*a = -4*a + w. Calculate the greatest common factor of 24 and a.
12
Let g be (-2)/(-11) - (-216)/22. What is the greatest common divisor of g and 5?
5
Let u be ((-4)/(-5))/(10/75). Let c be 86 - 5/((-15)/u). Calculate the greatest common factor of c and 8.
8
Suppose 5*z - g - 917 = 0, -z + g = 3*g - 190. Calculate the greatest common factor of z and 23.
23
Let i(o) = -o**2 + 5*o. Let n be i(5). Let c(z) = -z + 12. Let k be c(n). Calculate the greatest common divisor of 96 and k.
12
Let c be 6*((-6)/(-3) - 3). Let g be (6/(-8))/(c/24). What is the highest common divisor of 24 and g?
3
Let t be (18/15 + 0)*-5. Let m = t - -20. Calculate the greatest common factor of m and 126.
14
Suppose 144 = 2*s + s. Let o(q) = q**2 - 5*q. Let x be o(6). Suppose 0*z - z = -x. Calculate the greatest common divisor of s and z.
6
Let g(o) = 9*o - 3. Let a be g(3). Let n be 594/a*4/1. What is the highest common divisor of 9 and n?
9
Let v = 29 + -43. Let d = 2 - v. What is the highest common factor of 24 and d?
8
Let l(p) = 21*p + 3. Let x be l(3). Let s be (x/9)/(2/24). Calculate the greatest common divisor of 8 and s.
8
Suppose 3*h - 72 = -4*b + b, -3*h + 75 = 2*b. Let l = -194 - -212. What is the highest common divisor of h and l?
9
Suppose 3*m - 104 = 5*m. Suppose 3*l - 488 = 5*s - 0*l, 492 = -5*s + 2*l. Let y = m - s. Calculate the greatest common factor of y and 12.
12
Suppose 0 = -4*v - s - 0*s + 23, 3*v + 2*s = 11. What is the greatest common factor of 1 and v?
1
Let a = 12 - 10. What is the greatest common divisor of 8 and a?
2
Suppose 3*o + 3*k + 6 =